{"id":2061,"date":"2026-02-15T15:47:24","date_gmt":"2026-02-15T14:47:24","guid":{"rendered":"https:\/\/concerts-grand-temple-lyon.fr\/?page_id=2061"},"modified":"2026-04-06T18:50:24","modified_gmt":"2026-04-06T16:50:24","slug":"les-concerts-en-2026","status":"publish","type":"page","link":"https:\/\/concerts-grand-temple-lyon.fr\/index.php\/les-concerts-en-2026\/","title":{"rendered":"2026"},"content":{"rendered":"\n<div class=\"wp-block-group is-layout-grid wp-container-core-group-is-layout-bcb8ac2c wp-block-group-is-layout-grid\">\n<figure class=\"wp-block-image size-large\"><img loading=\"lazy\" decoding=\"async\" width=\"722\" height=\"1024\" src=\"http:\/\/concerts-grand-temple-lyon.fr\/wp-content\/uploads\/2026_06_07-722x1024.jpg\" alt=\"\" class=\"wp-image-2093\" srcset=\"https:\/\/concerts-grand-temple-lyon.fr\/wp-content\/uploads\/2026_06_07-722x1024.jpg 722w, https:\/\/concerts-grand-temple-lyon.fr\/wp-content\/uploads\/2026_06_07-212x300.jpg 212w, https:\/\/concerts-grand-temple-lyon.fr\/wp-content\/uploads\/2026_06_07-768x1089.jpg 768w, https:\/\/concerts-grand-temple-lyon.fr\/wp-content\/uploads\/2026_06_07-1083x1536.jpg 1083w, https:\/\/concerts-grand-temple-lyon.fr\/wp-content\/uploads\/2026_06_07.jpg 1410w\" sizes=\"auto, (max-width: 722px) 100vw, 722px\" \/><figcaption class=\"wp-element-caption\"><p class=\"has-text-align-center\"><strong>2026_06_07<br>Concert du Ch\u0153ur Philarmonia de Lyon <\/strong><br>Soprano Emilie Broyer Piano Laure Zehmann-Lavignole Cheffe de Choeur G\u00e9raldine Escande<br>Dimanche 7 juin  \u00e0 17h00<br>Grand temple de Lyon<\/p><\/figcaption><\/figure>\n\n\n\n<figure class=\"wp-block-image size-large\"><img loading=\"lazy\" decoding=\"async\" width=\"724\" height=\"1024\" src=\"http:\/\/concerts-grand-temple-lyon.fr\/wp-content\/uploads\/2026_05_22-724x1024.jpg\" alt=\"\" class=\"wp-image-2088\" srcset=\"https:\/\/concerts-grand-temple-lyon.fr\/wp-content\/uploads\/2026_05_22-724x1024.jpg 724w, https:\/\/concerts-grand-temple-lyon.fr\/wp-content\/uploads\/2026_05_22-212x300.jpg 212w, https:\/\/concerts-grand-temple-lyon.fr\/wp-content\/uploads\/2026_05_22-768x1086.jpg 768w, https:\/\/concerts-grand-temple-lyon.fr\/wp-content\/uploads\/2026_05_22-1086x1536.jpg 1086w, https:\/\/concerts-grand-temple-lyon.fr\/wp-content\/uploads\/2026_05_22.jpg 1131w\" sizes=\"auto, (max-width: 724px) 100vw, 724px\" \/><figcaption class=\"wp-element-caption\"><p class=\"has-text-align-center\"><a href=\"https:\/\/onlygospelsingers.fr\/\"><strong>2026_05_22<\/strong><br> <strong>Concert d\u2019Only Gospel Singers<\/strong><\/a><br>Vendredi 22 mai \u00e0 20h30<br>Grand temple de Lyon<br><a href=\"https:\/\/www.helloasso.com\/associations\/let-s-go-on\/evenements\/ogs-au-grand-temple-de-lyon\">R\u00e9servations<\/a><\/p>\n<br><\/figcaption><\/figure>\n\n\n\n<figure class=\"wp-block-image size-large\"><img loading=\"lazy\" decoding=\"async\" width=\"724\" height=\"1024\" src=\"http:\/\/concerts-grand-temple-lyon.fr\/wp-content\/uploads\/2026_05_15-724x1024.jpg\" alt=\"\" class=\"wp-image-2086\" srcset=\"https:\/\/concerts-grand-temple-lyon.fr\/wp-content\/uploads\/2026_05_15-724x1024.jpg 724w, https:\/\/concerts-grand-temple-lyon.fr\/wp-content\/uploads\/2026_05_15-212x300.jpg 212w, https:\/\/concerts-grand-temple-lyon.fr\/wp-content\/uploads\/2026_05_15.jpg 768w\" sizes=\"auto, (max-width: 724px) 100vw, 724px\" \/><figcaption class=\"wp-element-caption\"><p class=\"has-text-align-center\"><strong>2026_05_15 <\/strong><br><a href=\"[https:\/\/www.concertsauxetoiles.com\/](https:\/\/choeur-inspirations.fr\/?page_id=2166)\">Le Ch\u0153ur r\u00e9gional de jeunes Auvergne-Rh\u00f4ne-Alpes Inspirations<\/a><br><a href=\"https:\/\/www.vocalconsort-leipzig.de\/\">Vocalconsort Leipzig<\/a><br><strong>Messe pour double ch\u0153ur de Frank Martin <br>Vendredi 15 mai 2026 de 20h00 \u00e0 22h00<\/strong><br>Grand temple de Lyon<br><a href=\"https:\/\/www.helloasso.com\/associations\/association-inspirations\/evenements\/concert-franco-allemand-messe-pour-double-choeur-de-frank-martin-lyon\">Billeterie<\/a><\/p><\/figcaption><\/figure>\n\n\n\n<figure class=\"wp-block-image size-full\"><img loading=\"lazy\" decoding=\"async\" width=\"525\" height=\"743\" src=\"http:\/\/concerts-grand-temple-lyon.fr\/wp-content\/uploads\/2026_05_02.jpg\" alt=\"\" class=\"wp-image-2083\" srcset=\"https:\/\/concerts-grand-temple-lyon.fr\/wp-content\/uploads\/2026_05_02.jpg 525w, https:\/\/concerts-grand-temple-lyon.fr\/wp-content\/uploads\/2026_05_02-212x300.jpg 212w\" sizes=\"auto, (max-width: 525px) 100vw, 525px\" \/><figcaption class=\"wp-element-caption\"><p class=\"has-text-align-center\"><strong>2026_05_02 <\/strong><br><a href=\"https:\/\/www.concertsauxetoiles.com\/\">Concerts aux \u00e9toiles<\/a><br>L\u2019Alchimiste \u2013 en qu\u00eate de son \u00e9toile<br><strong>Samedi 02 mai 2026 de 20h30 \u00e0 22h00<\/strong><br>Grand temple de Lyon<br><a href=\"https:\/\/www.billetweb.fr\/lalchimiste-lyon\">R\u00e9servation<\/a><\/p><\/figcaption><\/figure>\n\n\n\n<figure class=\"wp-block-image size-full\"><img loading=\"lazy\" decoding=\"async\" width=\"472\" height=\"667\" src=\"http:\/\/concerts-grand-temple-lyon.fr\/wp-content\/uploads\/2026_02_28-1.jpg\" alt=\"\" class=\"wp-image-2060\" srcset=\"https:\/\/concerts-grand-temple-lyon.fr\/wp-content\/uploads\/2026_02_28-1.jpg 472w, https:\/\/concerts-grand-temple-lyon.fr\/wp-content\/uploads\/2026_02_28-1-212x300.jpg 212w\" sizes=\"auto, (max-width: 472px) 100vw, 472px\" \/><figcaption class=\"wp-element-caption\"><p class=\"has-text-align-center\"><strong>2026_02_28 <\/strong><br>Au profit de<a href=\"https:\/\/www.arsla.org\"> l&rsquo;ARSLA<\/a><br>Les Lions clubs de Lyon organisent : <br>Concert de Jazz par Sweet Cyclo Jazz Team<br> <strong><a href=\"https:\/\/lions103centresud.org\/action_club-concert-aux-rythmes-fous-de-la-louisiane-93984.html\">Au rythme fou de la Louisiane<\/a><br>Samedi 28 f\u00e9vrier 2026 17h30<\/strong><br>Grand temple de Lyon<br><a href=\"https:\/\/lions103centresud.org\/billetterie\/evenement-93984\">Billeterie <\/a><\/p><\/figcaption><\/figure>\n\n\n\n<figure class=\"wp-block-image size-full\"><img loading=\"lazy\" decoding=\"async\" width=\"435\" height=\"623\" src=\"http:\/\/concerts-grand-temple-lyon.fr\/wp-content\/uploads\/2026_01_25-1.jpg\" alt=\"\" class=\"wp-image-2059\" srcset=\"https:\/\/concerts-grand-temple-lyon.fr\/wp-content\/uploads\/2026_01_25-1.jpg 435w, https:\/\/concerts-grand-temple-lyon.fr\/wp-content\/uploads\/2026_01_25-1-209x300.jpg 209w\" sizes=\"auto, (max-width: 435px) 100vw, 435px\" \/><figcaption class=\"wp-element-caption\"> <p class=\"has-text-align-center\"><strong>2026_01_25 <a href=\"https:\/\/www.helloasso.com\/associations\/ensemble-vocal-arcama\">Choeur Arcama<\/a><br>Orchestre des Cyb\u00e8les <br>F. Mendelssohn<\/strong><br> Magnificat <br>Psaume 42  <br><strong>Dimanche 25 janvier 2026 17h00<\/strong><br>Grand temple de Lyon<br><a href=\"https:\/\/www.helloasso.com\/associations\/ensemble-vocal-arcama\/evenements\/concert-f-mendelssohn\">Billeterie <\/a><\/p><\/figcaption><\/figure>\n<\/div>\n\n\n\n<p><\/p>\n","protected":false},"excerpt":{"rendered":"","protected":false},"author":1,"featured_media":0,"parent":0,"menu_order":1,"comment_status":"closed","ping_status":"closed","template":"","meta":{"site-sidebar-layout":"default","site-content-layout":"","ast-site-content-layout":"default","site-content-style":"default","site-sidebar-style":"default","ast-global-header-display":"","ast-banner-title-visibility":"","ast-main-header-display":"","ast-hfb-above-header-display":"","ast-hfb-below-header-display":"","ast-hfb-mobile-header-display":"","site-post-title":"","ast-breadcrumbs-content":"","ast-featured-img":"","footer-sml-layout":"","ast-disable-related-posts":"","theme-transparent-header-meta":"","adv-header-id-meta":"","stick-header-meta":"","header-above-stick-meta":"","header-main-stick-meta":"","header-below-stick-meta":"","astra-migrate-meta-layouts":"default","ast-page-background-enabled":"default","ast-page-background-meta":{"desktop":{"background-color":"var(--ast-global-color-5)","background-image":"","background-repeat":"repeat","background-position":"center center","background-size":"auto","background-attachment":"scroll","background-type":"","background-media":"","overlay-type":"","overlay-color":"","overlay-opacity":"","overlay-gradient":""},"tablet":{"background-color":"","background-image":"","background-repeat":"repeat","background-position":"center center","background-size":"auto","background-attachment":"scroll","background-type":"","background-media":"","overlay-type":"","overlay-color":"","overlay-opacity":"","overlay-gradient":""},"mobile":{"background-color":"","background-image":"","background-repeat":"repeat","background-position":"center center","background-size":"auto","background-attachment":"scroll","background-type":"","background-media":"","overlay-type":"","overlay-color":"","overlay-opacity":"","overlay-gradient":""}},"ast-content-background-meta":{"desktop":{"background-color":"var(--ast-global-color-4)","background-image":"","background-repeat":"repeat","background-position":"center center","background-size":"auto","background-attachment":"scroll","background-type":"","background-media":"","overlay-type":"","overlay-color":"","overlay-opacity":"","overlay-gradient":""},"tablet":{"background-color":"var(--ast-global-color-4)","background-image":"","background-repeat":"repeat","background-position":"center center","background-size":"auto","background-attachment":"scroll","background-type":"","background-media":"","overlay-type":"","overlay-color":"","overlay-opacity":"","overlay-gradient":""},"mobile":{"background-color":"var(--ast-global-color-4)","background-image":"","background-repeat":"repeat","background-position":"center center","background-size":"auto","background-attachment":"scroll","background-type":"","background-media":"","overlay-type":"","overlay-color":"","overlay-opacity":"","overlay-gradient":""}},"footnotes":""},"folder":[],"class_list":["post-2061","page","type-page","status-publish","hentry"],"_links":{"self":[{"href":"https:\/\/concerts-grand-temple-lyon.fr\/index.php\/wp-json\/wp\/v2\/pages\/2061","targetHints":{"allow":["GET"]}}],"collection":[{"href":"https:\/\/concerts-grand-temple-lyon.fr\/index.php\/wp-json\/wp\/v2\/pages"}],"about":[{"href":"https:\/\/concerts-grand-temple-lyon.fr\/index.php\/wp-json\/wp\/v2\/types\/page"}],"author":[{"embeddable":true,"href":"https:\/\/concerts-grand-temple-lyon.fr\/index.php\/wp-json\/wp\/v2\/users\/1"}],"replies":[{"embeddable":true,"href":"https:\/\/concerts-grand-temple-lyon.fr\/index.php\/wp-json\/wp\/v2\/comments?post=2061"}],"version-history":[{"count":6,"href":"https:\/\/concerts-grand-temple-lyon.fr\/index.php\/wp-json\/wp\/v2\/pages\/2061\/revisions"}],"predecessor-version":[{"id":2095,"href":"https:\/\/concerts-grand-temple-lyon.fr\/index.php\/wp-json\/wp\/v2\/pages\/2061\/revisions\/2095"}],"wp:attachment":[{"href":"https:\/\/concerts-grand-temple-lyon.fr\/index.php\/wp-json\/wp\/v2\/media?parent=2061"}],"wp:term":[{"taxonomy":"folder","embeddable":true,"href":"https:\/\/concerts-grand-temple-lyon.fr\/index.php\/wp-json\/wp\/v2\/folder?post=2061"}],"curies":[{"name":"wp","href":"https:\/\/api.w.org\/{rel}","templated":true}]}}